ppose s = -4*s + 4*r + 26, 0 = s - r - 6. Let u(j) be the third derivative of j**5/60 + j**4/12 - j**3/6 - 2*j**2. Calculate u(s).
7
Let v(j) be the third derivative of j**6/360 - j**5/40 - j**4/12 + 5*j**3/6 - 3*j**2. Let s(b) be the first derivative of v(b). Determine s(2).
-4
Suppose 5*g + 0*g - 30 = 0. Let k(u) = u**2 - 6*u - 7. Calculate k(g).
-7
Let x(r) = 3*r + 3. Let i(p) = 3*p + 4. Let u(l) = 4*i(l) - 3*x(l). Suppose 4*g + 11 = w, -5*g - 5 = -3*w - 0. What is u(w)?
-8
Let g = 10 + -7. Suppose -1 = -h + 2*h, 11 = g*n - 2*h. Let o(q) = -n - 2*q - 4*q**2 + q**3 + 6 - q**2. Calculate o(5).
-7
Let r(c) = 3*c**3 - c**2 - c + 1. Let z be r(1). Let t be (1*-2 + -2)/(-1). Let a(f) = -f - z - t + 4. Determine a(5).
-7
Let k = -6 - -8. Suppose 3*n - k*r = 38, 6*n + 5*r = 3*n + 31. Suppose 4*u + n = -0*u. Let v(b) = b**2 + 5*b + 2. Determine v(u).
-4
Let o(f) = 3*f**2 + 11*f + 4. Let q(d) = 8*d**2 + 32*d + 11. Let i(w) = 11*o(w) - 4*q(w). Let m = -37 + 43. Give i(m).
-6
Let n(q) = 1. Let p(i) = 7*i + 3. Let l(r) = -4*n(r) + p(r). Give l(1).
6
Let a(i) = -i**3 + i**2 + 2*i - 2. Suppose z = 5*r - 12, 5*z + 5*r - 4 - 26 = 0. Give a(z).
-14
Let y(d) = 2*d**3 - d**2 + 2*d + 9. Let l(q) = 5*q**3 - 4*q**2 + 7*q + 26. Let b(g) = 3*l(g) - 8*y(g). Give b(-5).
6
Let j(b) = -b**2 - 3*b - 1. Suppose -10 = -5*z - 5*s, -3*z - s - 1 = 3. Determine j(z).
-1
Suppose -5 = y, 2*n - 3*y = -y + 12. Let o(s) = 0*s**3 + n + 0*s + 4*s - s**3 - 3*s**2 - 6*s. Calculate o(-3).
7
Let h be 92/(-22) - 4/(-22). Suppose -2*v = -2*t - 3 + 5, 4*v - 3*t + 2 = 0. Let q(p) = v + 3*p - 4*p - 1 - 1. Determine q(h).
3
Let n(i) = i**2 - 2*i - 4. Let m = -1 + -1. Let g be 1 - (0 - -2) - -3. Let w be g - 0 - 2/m. Give n(w).
-1
Let k(r) = 3*r**2 + 1. Let f be k(-1). Suppose 5*a + g - 20 = 0, -5*a - f*g - 2 = -37. Let d(m) = m**2 - m - 4. Determine d(a).
2
Let o(g) be the third derivative of -g**5/60 - g**4/6 - 5*g**3/6 + 3*g**2. Give o(-4).
-5
Let x(t) = 3*t**2 + 20*t - 17. Let u(b) = -5*b**2 - 30*b + 25. Let j(o) = -5*u(o) - 8*x(o). Calculate j(10).
11
Let s(d) = d**2 + d - 2. Suppose 20 = -4*y + 8*y. Suppose 5*l = 3*u - 27, y*u = 5*l + u + 31. Calculate s(l).
4
Let z(v) be the second derivative of -v**4/12 + 7*v**3/6 + 2*v**2 - 11*v. Give z(7).
4
Suppose 0 = 5*f - f - 16. Suppose -f*y = -1 - 7. Let b(p) be the third derivative of -p**5/30 + p**4/12 + p**3/3 + 3*p**2. Determine b(y).
-2
Let o(p) be the first derivative of -3*p - 2 + 1/2*p**2. What is o(2)?
-1
Suppose 4*z + 20 = -z. Let x(o) = o**3 + 3*o**2 - 5*o - 2. Determine x(z).
2
Let i(p) = 3*p. Let c(v) = 8*v. Let n(j) = -4*c(j) + 11*i(j). What is n(-5)?
-5
Let u(p) = p + 2. Suppose 3*h + 0 = -9. Let v be (h/(-2))/(6/16). What is u(v)?
6
Suppose 3*n - 9 + 0 = 0. Let a(b) = -b**2 + b + 3. Calculate a(n).
-3
Let m be 1/(-2) + (-15)/(-6). Let k(g) = g + 3*g + m - 6 - g. Suppose 1 + 3 = c. What is k(c)?
8
Suppose -1 - 14 = -5*t. Let v(j) = t*j**2 - 4*j**2 - 4 - 1 + 0*j**2. Calculate v(0).
-5
Let d(w) = -w**2 - 5*w. Let q be -6 + -1 + (2 - -1). Let x be d(q). Let c(n) = n**3 - 4 + 0*n - 2*n + 0*n**2 - x*n**2. Determine c(5).
11
Let p = 31 - 25. Let s(w) = w**3 - 7*w**2 + 7*w - 9. Give s(p).
-3
Let p(x) = x**3 + 6*x**2 + 2*x + 12. Let c be p(-6). Let a(z) = -z**2 - 6. Determine a(c).
-6
Suppose -i + 18 = 5*i. Let v(h) = 2*h - 5*h + 0*h**2 + h**2. Give v(i).
0
Let v(z) = z - 1. Let o be 234/26 - (3 + 0 + 1). What is v(o)?
4
Let y be (-7)/(-21)*(-19 - (1 - 2)). Let k(v) = -v - 3. Let u(q) = q + 2. Let a(m) = -4*k(m) - 3*u(m). Calculate a(y).
0
Let n = 49 + -46. Suppose -4*v + 7*v - 6 = 0. Let l(b) = 2 + b**2 + 2 - 2*b - v*b. Give l(n).
1
Let m(i) be the third derivative of -1/24*i**4 - 3*i**2 - 1/2*i**3 + 0 + 0*i + 1/120*i**5. Let n(d) be the first derivative of m(d). Determine n(4).
3
Let l(c) be the third derivative of -c**4/24 + c**3/6 - c**2. Suppose v + v + 2 = 2*i, 4*v = -2*i + 2. Suppose 7*s - 3*s + 12 = v. Determine l(s).
4
Let b be 2/3 - 5/3. Suppose -4*u = -7*u - 3. Let t(q) = 2*q**2 + q + 1. Let o(j) = -1. Let d(n) = u*o(n) - t(n). Calculate d(b).
-1
Let n = -1 + 3. Let q(g) be the third derivative of -1/3*g**3 + 1/60*g**5 - 1/24*g**4 + 0*g + 0 + n*g**2. Give q(3).
4
Suppose 1 = 3*w - 4*w. Let o(q) = 2*q**3 + q**2. What is o(w)?
-1
Suppose 5*s - 12 = -s. Let v(g) = 3*g - 3. What is v(s)?
3
Let v(s) = -10 + 3*s**2 + 8 - 4*s**2 + s + 2*s**2. Let m(c) = 5*c**2 + 5*c - 9. Let z(g) = 2*m(g) - 9*v(g). Determine z(2).
6
Let x(t) = -4*t + 26. Let f(j) = j - 9. Let g(m) = 17*f(m) + 6*x(m). What is g(2)?
-11
Let q be 4/(-8)*0/1. Suppose -s + 2 + 0 = q. Let y(t) = -t**2 + t + 1. Calculate y(s).
-1
Let x(w) = -4*w**2 + 3*w. Let o(r) = -12*r**2 + 8*r. Let t(f) = 6*o(f) - 17*x(f). Calculate t(-2).
-10
Let g be -6 + (-170)/(-25) - 11/(-5). Let w(n) = n**2 - 2. What is w(g)?
7
Let p(u) = 9*u - 3. Let k(i) = -6*i + 2. Let l be ((-1)/(-2))/(8/(-80)). Let r(o) = l*p(o) - 7*k(o). Let h be (2 + -4)*(-2)/(-4). Calculate r(h).
4
Let g(q) = 3 - 4*q - 4*q**2 - 4*q**2 + q**2 + 6*q**2. Determine g(-6).
-9
Suppose -2*g - 2*t = t - 6, 0 = 3*g + 3*t - 6. Let i be (2/3)/(4/(-18)). Let p(r) = 4*r**2 - 9. Let z(x) = -9*x**2 + 19. Let u(s) = i*z(s) - 7*p(s). Give u(g).
6
Let t(g) = 2*g - 3*g - 150 - 2*g + 144. Give t(-5).
9
Let x(t) = t**3 + 2. Let c be x(0). Let k(y) be the third derivative of 0*y**4 + c*y**2 + 1/6*y**3 - 1/40*y**6 - 1/60*y**5 + 0*y + 0. Give k(-1).
3
Let k(q) = -11*q**2 + q - 1. Let w be 4/14 - ((-60)/7)/12. Give k(w).
-11
Let v(i) be the second derivative of 0 - 5/6*i**3 + 0*i**2 - 1/20*i**5 - i + 1/2*i**4. Let a be (-7)/(-35) - 4/(-5) - -4. Determine v(a).
0
Let j = 5 - 2. Suppose 4 + 5 = j*w. Let y(s) = -s + s - s**2. Calculate y(w).
-9
Let f(i) = -6*i**3 + 4*i**2 + 4*i + 5. Suppose -2*s = -5*s + 18. Let k(c) = -7*c**3 + 4*c**2 + 4*c + 6. Let w(t) = s*f(t) - 5*k(t). What is w(5)?
-5
Let q(m) = -m**3 - 7*m**2 - 6*m + 5. Let p be q(-6). Suppose 3*z + 2*z = 15. Let o(h) = -6 - 7*h + 3*h + 5*h**2 - h**z + h**2. What is o(p)?
-1
Let g(y) = -y**3 - 6*y**2 - 6*y + 5. Let d = 33 + -46. Let o = d + 8. Determine g(o).
10
Let j(v) = v**2 + 6*v + 1. Let p be j(-5). Let z = p - -4. Let c(r) = r**2 + r - 1. Let g(w) = 3*w**2 + 4*w - 5. Let s(q) = -4*c(q) + g(q). What is s(z)?
-1
Let p(f) = -391*f**2 - 4*f**3 + 392*f**2 + 3*f + 4 + 3*f**3. Calculate p(3).
-5
Let s(t) be the first derivative of -t**4/4 + t**3/3 + t**2/2 + 2*t - 1. Let g be 6/(-15)*-1*5. Let i be s(g). Let c(m) = -m + 7. What is c(i)?
7
Let p(l) = -2*l - 2. Suppose 4*f - 16 = -0*f. Let d be (-87)/(-9) - f/6. Suppose 2*x + 5 = -0*x + 3*r, -d = -3*r. What is p(x)?
-6
Let d(o) = -o - 7 - 63*o**3 + 64*o**3 - 7*o**2 + o. Calculate d(7).
-7
Let m(g) = g**3 - g**2 - 2*g - 2. Let c(l) = -l**2 - 9*l + 5. Let q be c(-9). Suppose q = -f + 3. Determine m(f).
-10
Let j(w) = w - 1. Let u(n) = -7*n**2 - 6*n + 3. Let c(m) = 4*j(m) + u(m). Determine c(-1).
-6
Let u(g) = 3*g - 9. Let r(i) = 2*i - 5. Let f(q) = -5*r(q) + 3*u(q). Calculate f(-1).
-1
Let n(t) = -t**3 - t + 1. Let p(z) = -4*z**3 - 3*z + 2. Let h(f) = 3*n(f) - p(f). Calculate h(1).
2
Let f(c) = c - 4. Suppose 0 = -2*k - 3*k + 25. Suppose k*d - 3*d - 12 = 0. What is f(d)?
2
Suppose 0 = -3*j - 0*j. Suppose -w - 3*u = 2*u - 3, 15 = 5*w - 2*u. Let n = w - j. Let l(y) = y**3 - 3*y**2 + y + 2. Calculate l(n).
5
Let g(j) = -j**3 - 8*j**2 + 2*j + 6. Suppose 5*c - 2*w = -30, 3*c - 6*w = -2*w - 4. What is g(c)?
-10
Suppose 3*k - 3*p = 6, -6*k + 2*k - 2*p = -8. Suppose 1 = -3*z + 7. Let t(h) = -h + 2*h**2 - h**z + 0*h**2. Calculate t(k).
2
Let a(s) be the third derivative of -1/24*s**4 + 0*s + s**2 + 0 - 2/3*s**3. Suppose 3 = -0*d + d. Give a(d).
-7
Let c(h) = h**3 + 5*h**2 + 5*h + 6. Let t be c(-4). Let v be 4*((-4)/t)/(-4). Let l(k) = 3 - 53*k + 97*k - 47*k. Determine l(v).
-3
Let r = -6 - -8. Suppose 5*c + 3*f = 0, 2*c + 3*f = r*f. Let m(j) = 1 - 4 - 3 + j. Calculate m(c).
-6
Let k(t) be the third derivative of 0*t**3 + 1/12*t**5 + 1/12*t**4 + 0 + 3*t**2 + 0*t - 1/120*t**6. What is k(5)?
10
Let s(o) = 3*o - 3. Suppose 5*n - 8*n = -6. Calculate s(n).
3
Suppose 0 = 2*j + 2*w - 2, -5*j + w - 23 = 2. Let i(r) = r**3 + 3*r**2 - 3*r - 1. Calculate i(j).
-5
Let s(x) = -x - 2. Let h(z) = -z**2 - 4*z - 5. Let u be h(-4). Let i be s(u). Let a(k) = 2*k - 4 - 3*k